99
What are the prime factors of 2541397?
127, 20011
What are the prime factors of 793472611?
167, 4751333
List the prime factors of 15335811.
3, 59, 3209
What are the prime factors of 1720303102?
2, 7, 122878793
What are the prime factors of 7914933?
3, 13, 61, 1109
What are the prime factors of 64284482?
2, 569, 56489
What are the prime factors of 1302806840?
2, 5, 163, 211, 947
What are the prime factors of 5422298990?
2, 5, 23, 857, 27509
What are the prime factors of 145149085?
5, 359, 80863
List the prime factors of 883145606.
2, 7, 63081829
List the prime factors of 1340391.
3, 13, 34369
What are the prime factors of 148326258?
2, 3, 17, 31, 61, 769
List the prime factors of 86284598.
2, 373, 115663
List the prime factors of 187227809.
911, 205519
List the prime factors of 69567741.
3, 95429
List the prime factors of 219186896.
2, 283, 48407
List the prime factors of 399515743.
11, 97, 34039
List the prime factors of 47312241.
3, 17, 83, 11177
What are the prime factors of 1470074127?
3, 4651, 105359
List the prime factors of 927848228.
2, 31, 7482647
What are the prime factors of 1894541617?
3343, 566719
What are the prime factors of 6807154366?
2, 3403577183
What are the prime factors of 366492826?
2, 7, 26178059
What are the prime factors of 53522624?
2, 836291
List the prime factors of 283270377.
3, 13, 7263343
List the prime factors of 66532347.
3, 7, 16763
What are the prime factors of 3230467561?
31, 104208631
List the prime factors of 398285638.
2, 19, 10481201
List the prime factors of 41671231.
7, 29, 131, 1567
List the prime factors of 761740975.
5, 577, 52807
What are the prime factors of 2826149848?
2, 353268731
What are the prime factors of 838002033?
3, 11, 23, 368029
List the prime factors of 1282914278.
2, 283, 2266633
List the prime factors of 134208187.
199, 769, 877
What are the prime factors of 87976203?
3, 7, 859, 4877
What are the prime factors of 11494495?
5, 241, 9539
List the prime factors of 2883179151.
3, 106784413
List the prime factors of 4425279066.
2, 3, 13, 911, 20759
What are the prime factors of 55724417?
7, 1137233
What are the prime factors of 185670123?
3, 61890041
What are the prime factors of 57610234?
2, 11, 89, 29423
What are the prime factors of 16615972?
2, 113, 36761
What are the prime factors of 1237656031?
37, 33450163
What are the prime factors of 15772021?
593, 26597
List the prime factors of 88987.
23, 53, 73
What are the prime factors of 1483870274?
2, 37, 131, 153071
List the prime factors of 34556506.
2, 31, 107, 5209
List the prime factors of 1156629041.
173, 6685717
List the prime factors of 114731389.
114731389
What are the prime factors of 70278403?
13, 211, 25621
List the prime factors of 1362724179.
3, 454241393
What are the prime factors of 450166564?
2, 47, 2394503
What are the prime factors of 137586803?
239, 575677
List the prime factors of 922015628.
2, 23, 10021909
List the prime factors of 1164279652.
2, 2621, 111053
What are the prime factors of 77639843?
641, 121123
List the prime factors of 162343565.
5, 89, 97, 3761
What are the prime factors of 594522442?
2, 3877, 76673
What are the prime factors of 11644471?
53, 219707
What are the prime factors of 1874539744?
2, 7, 11, 23, 31, 97
List the prime factors of 5352151771.
139, 167, 230567
List the prime factors of 3220576034.
2, 13, 29, 4271321
List the prime factors of 61860935.
5, 521, 23747
What are the prime factors of 78630246?
2, 3, 19, 223, 1031
List the prime factors of 848873747.
239, 349, 10177
List the prime factors of 40976519.
83, 493693
What are the prime factors of 431831079?
3, 47981231
What are the prime factors of 6025166894?
2, 17, 23, 1187, 6491
What are the prime factors of 20110045?
5, 113, 35593
List the prime factors of 5331028515.
3, 5, 355401901
List the prime factors of 237195162.
2, 3, 4392503
List the prime factors of 205404223.
205404223
List the prime factors of 2915641427.
2915641427
List the prime factors of 54115649.
7, 89, 12409
What are the prime factors of 3246422429?
29, 9941, 11261
List the prime factors of 44531926.
2, 163, 136601
List the prime factors of 487689408.
2, 3, 83, 101
List the prime factors of 874967647.
449, 1948703
List the prime factors of 126435713.
2521, 50153
List the prime factors of 3849570991.
7, 549938713
List the prime factors of 36683108.
2, 7, 11, 119101
List the prime factors of 446718522.
2, 3, 74453087
What are the prime factors of 127464318?
2, 3, 7081351
What are the prime factors of 1296484007?
7, 13, 587, 1867
What are the prime factors of 305308844?
2, 179, 653
List the prime factors of 3310129.
3310129
List the prime factors of 48772643.
17, 1187, 2417
What are the prime factors of 644241434?
2, 12511, 25747
What are the prime factors of 24532672?
2, 59, 73, 89
What are the prime factors of 130214999?
19, 6853421
What are the prime factors of 6623910?
2, 3, 5, 24533
What are the prime factors of 363180992?
2, 5674703
What are the prime factors of 12139915?
5, 53, 61, 751
List the prime factors of 4771023803.
7, 13, 17, 3084049
What are the prime factors of 19299993?
3, 29, 97, 2287
What are the prime factors of 4626447193?
4626447193
What are the prime factors of 3566924017?
19, 4219, 44497
List the prime factors of 488218464.
2, 3, 1301, 1303
List the prime factors of 858029711.
7, 11, 11143243
List the prime factors of 2383372319.
59, 40396141
What are the prime factors of 7392370?
2, 5, 97, 7621
List the prime factors of 27601479.
3, 293, 1163
What are the prime factors of 118425789?
3, 37, 355633
What are the prime factors of 1104421316?
2, 276105329
List the prime factors of 145561061.
145561061
What are the prime factors of 17593238?
2, 13, 52051
What are the prime factors of 1280409512?
2, 160051189
List the prime factors of 271326088.
2, 11, 29, 106319
What are the prime factors of 1408120397?
1408120397
What are the prime factors of 1566370075?
5, 62654803
What are the prime factors of 198296614?
2, 1429, 69383
List the prime factors of 2022194785.
5, 13, 3847, 8087
List the prime factors of 257097611.
23, 11178157
List the prime factors of 3223305095.
5, 644661019
List the prime factors of 89140344.
2, 3, 3714181
List the prime factors of 62908645.
5, 67, 187787
What are the prime factors of 199637348?
2, 37, 1348901
What are the prime factors of 1013170801?
19, 53324779
List the prime factors of 245257245.
3, 5, 5450161
What are the prime factors of 141265658?
2, 73, 353, 2741
List the prime factors of 40139796.
2, 3, 83, 191, 211
List the prime factors of 2066560062.
2, 3, 7, 83, 307, 1931
List the prime factors of 36254610.
2, 3, 5, 7, 8221
What are the prime factors of 431459423?
431459423
List the prime factors of 129227150.
2, 5, 13, 198811
What are the prime factors of 56503380?
2, 3, 5, 941723
What are the prime factors of 2239758739?
2239758739
What are the prime factors of 5927546959?
23, 29, 8886877
What are the prime factors of 172272015?
3, 5, 425363
What are the prime factors of 2153776930?
2, 5, 29, 7426817
What are the prime factors of 1359178825?
5, 173, 314261
List the prime factors of 627550381.
19427, 32303
What are the prime factors of 70739111?
70739111
What are the prime factors of 27024576?
2, 3, 41, 3433
List the prime factors of 9612483.
3, 79, 40559
List the prime factors of 13903.
13903
List the prime factors of 53187487.
149, 269, 1327
List the prime factors of 125908433.
7, 17986919
What are the prime factors of 407390822?
2, 17, 157, 167, 457
List the prime factors of 727750560.
2, 3, 5, 947, 1601
List the prime factors of 2226106030.
2, 5, 2347, 94849
What are the prime factors of 2700567484?
2, 18169, 37159
What are the prime factors of 3364937821?
7, 16871, 28493
What are the prime factors of 41472595?
5, 199, 41681
List the prime factors of 2397995532.
2, 3, 271, 907
What are the prime factors of 33554670?
2, 3, 5, 127, 8807
What are the prime factors of 72239450?
2, 5, 1444789
What are the prime factors of 13659375?
3, 5, 31, 47
What are the prime factors of 332161252?
2, 83040313
What are the prime factors of 49436463?
3, 1399, 11779
List the prime factors of 3770745129.
3, 17, 79, 2039
List the prime factors of 35057514.
2, 3, 79, 73961
List the prime factors of 363049769.
179, 733, 2767
What a